Calculate the greatest common divisor of 27062 and 14.
14
Calculate the greatest common factor of 6 and 186.
6
What is the highest common factor of 348 and 1044?
348
What is the highest common factor of 6 and 264?
6
What is the greatest common divisor of 14 and 1246?
14
Calculate the greatest common factor of 2541 and 273.
21
Calculate the greatest common factor of 56 and 56.
56
Calculate the highest common divisor of 35 and 4319.
7
Calculate the greatest common divisor of 434 and 62.
62
What is the greatest common divisor of 81780 and 348?
348
What is the greatest common factor of 13 and 1261?
13
What is the greatest common divisor of 546 and 3?
3
What is the greatest common factor of 192 and 60?
12
What is the highest common divisor of 256 and 272?
16
Calculate the greatest common divisor of 10335 and 120.
15
Calculate the greatest common divisor of 78 and 598.
26
What is the highest common divisor of 3366 and 44?
22
Calculate the greatest common divisor of 30176 and 92.
92
What is the highest common divisor of 1020 and 20?
20
Calculate the highest common divisor of 103 and 309.
103
What is the greatest common divisor of 2065 and 2596?
59
What is the highest common factor of 128 and 96?
32
Calculate the highest common factor of 5 and 295.
5
Calculate the highest common factor of 66 and 2013.
33
What is the greatest common divisor of 49 and 98?
49
Calculate the highest common divisor of 581 and 83.
83
What is the highest common divisor of 135 and 1845?
45
Calculate the greatest common divisor of 391 and 918.
17
What is the greatest common factor of 520 and 9230?
130
What is the greatest common factor of 45 and 3015?
45
Calculate the greatest common divisor of 5216 and 64.
32
Calculate the highest common factor of 902 and 66.
22
What is the greatest common factor of 999 and 1258?
37
Calculate the highest common factor of 21 and 3171.
21
What is the greatest common divisor of 16 and 118?
2
What is the highest common divisor of 6 and 4092?
6
What is the greatest common divisor of 110 and 484?
22
Calculate the greatest common divisor of 2363 and 17.
17
Calculate the highest common factor of 847 and 3993.
121
Calculate the highest common divisor of 435 and 2001.
87
What is the highest common factor of 708 and 20?
4
What is the greatest common factor of 360 and 40?
40
Calculate the highest common factor of 30 and 695.
5
What is the highest common divisor of 20 and 15?
5
Calculate the greatest common factor of 480 and 15.
15
What is the greatest common factor of 358 and 12?
2
Calculate the greatest common factor of 146 and 3139.
73
What is the greatest common divisor of 747 and 45?
9
Calculate the greatest common divisor of 25 and 80.
5
What is the greatest common factor of 2 and 65?
1
Calculate the highest common factor of 43 and 602.
43
What is the greatest common divisor of 1368 and 126?
18
What is the greatest common factor of 40 and 5?
5
What is the highest common factor of 7314 and 1380?
138
What is the greatest common factor of 376 and 2444?
188
What is the highest common divisor of 852 and 497?
71
Calculate the highest common divisor of 18 and 222.
6
Calculate the greatest common divisor of 1682 and 551.
29
What is the greatest common divisor of 110 and 704?
22
What is the highest common factor of 1568 and 49?
49
What is the greatest common divisor of 434 and 6293?
217
What is the highest common divisor of 9 and 2?
1
Calculate the greatest common factor of 21 and 357.
21
What is the greatest common factor of 536 and 16?
8
Calculate the greatest common divisor of 49 and 224.
7
What is the greatest common divisor of 1020 and 24?
12
Calculate the highest common factor of 1984 and 62.
62
What is the greatest common divisor of 50 and 4840?
10
Calculate the greatest common factor of 1420 and 80.
20
Calculate the highest common divisor of 4 and 28.
4
Calculate the greatest common divisor of 4270 and 42.
14
What is the highest common divisor of 7014 and 224?
14
What is the greatest common divisor of 77 and 63?
7
Calculate the greatest common divisor of 198 and 144.
18
Calculate the greatest common factor of 1247 and 688.
43
Calculate the greatest common divisor of 4284 and 126.
126
Calculate the highest common divisor of 44 and 10054.
22
Calculate the highest common factor of 3145 and 85.
85
Calculate the greatest common divisor of 520 and 16.
8
Calculate the highest common factor of 518 and 14.
14
Calculate the greatest common factor of 46 and 92.
46
What is the highest common divisor of 492 and 10086?
246
Calculate the highest common factor of 264 and 660.
132
What is the highest common divisor of 11 and 2376?
11
What is the greatest common factor of 150 and 330?
30
Calculate the highest common factor of 12 and 123.
3
Calculate the greatest common factor of 296 and 8.
8
What is the highest common factor of 1218 and 546?
42
What is the greatest common divisor of 49 and 637?
49
What is the greatest common factor of 874 and 138?
46
What is the highest common factor of 2242 and 413?
59
What is the greatest common factor of 546 and 8554?
182
What is the highest common divisor of 23 and 1909?
23
What is the greatest common factor of 54 and 18?
18
What is the highest common divisor of 159 and 12879?
159
What is the highest common divisor of 35 and 83825?
35
Calculate the highest common divisor of 17220 and 82.
82
What is the highest common divisor of 13 and 3731?
13
What is the highest common factor of 252 and 324?
36
What is the highest common factor of 663 and 204?
51
What is the greatest common factor of 7668 and 27?
27
Calculate the highest common divisor of 266 and 4655.
133
What is the highest common factor of 33 and 363?
33
Calculate the highest common divisor of 30 and 20.
10
Calculate the highest common divisor of 55 and 15.
5
Calculate the greatest common divisor of 260 and 80.
20
Calculate the highest common factor of 16259 and 458.
229
What is the greatest common factor of 422 and 6119?
211
Calculate the highest common divisor of 7 and 392.
7
What is the highest common factor of 1505 and 3225?
215
What is the greatest common factor of 112 and 7756?
28
Calculate the greatest common factor of 656 and 16.
16
Calculate the highest common divisor of 18407 and 237.
79
What is the highest common factor of 325 and 780?
65
Calculate the highest common divisor of 110 and 5082.
22
Calculate the greatest common divisor of 18 and 1854.
18
Calculate the greatest common factor of 50 and 40.
10
Calculate the greatest common divisor of 171 and 2337.
57
Calculate the highest common divisor of 372 and 2046.
186
Calculate the highest common factor of 100 and 70.
10
Calculate the greatest common divisor of 1273 and 209.
19
Calculate the highest common divisor of 52 and 1924.
52
What is the greatest common factor of 14 and 161?
7
Calculate the greatest common divisor of 196 and 8.
4
What is the greatest common factor of 352 and 32?
32
Calculate the greatest common factor of 3 and 3.
3
What is the greatest common divisor of 130 and 35?
5
What is the greatest common divisor of 1387 and 146?
73
What is the greatest common factor of 150 and 375?
75
What is the highest common factor of 33 and 1903?
11
Calculate the highest common divisor of 7 and 203.
7
Calculate the highest common divisor of 350 and 100.
50
What is the greatest common divisor of 128 and 1328?
16
What is the highest common factor of 448 and 14?
14
Calculate the greatest common divisor of 475 and 38.
19
Calculate the highest common factor of 10 and 215.
5
What is the highest common divisor of 104 and 39?
13
Calculate the greatest common factor of 2028 and 24.
12
What is the greatest common divisor of 50 and 59525?
25
What is the highest common factor of 703 and 74?
37
Calculate the highest common divisor of 5 and 181.
1
What is the highest common divisor of 1224 and 1088?
136
Calculate the highest common factor of 105 and 45.
15
What is the greatest common divisor of 594 and 405?
27
What is the highest common factor of 12 and 43908?
12
What is the highest common divisor of 33 and 957?
33
Calculate the highest common factor of 24 and 108.
12
What is the greatest common divisor of 102 and 48?
6
Calculate the highest common factor of 63 and 1533.
21
Calculate the highest common divisor of 98 and 343.
